t d be t(b). What is the highest common factor of m and d?
34
Suppose 5 = -5*d + 15. Let g be (-90)/(-25) + d/5. Suppose -3*q = -15, 3*r - 476 = -2*q + g*q. Calculate the greatest common factor of 18 and r.
18
Let p be (-1436)/(-18) + (-4)/(-18). Let d be 2/(-15) - 1692/(-540). Let y be 33 + (3 - d) + -1. Calculate the highest common factor of y and p.
16
Let b(v) = -v**2 - 4*v - 2. Let q = 9 + -12. Let k be b(q). Suppose k = 5*w - 44. What is the highest common factor of w and 81?
9
Suppose -3*t - 3 = 0, 2*d + 0*t + 3*t + 43 = 0. Let f = d - -18. Let g be (5 + f)/((-12)/(-64)). What is the greatest common divisor of g and 176?
16
Suppose 0 = 55*x - 57*x + 48. Calculate the highest common divisor of 8 and x.
8
Let v be (-831)/(-15) + (-7)/(-140)*12. What is the highest common factor of v and 224?
56
Let x = 54 - 26. Let r be -5 + ((-40)/(-340) + (-166)/(-34) - -112). Calculate the highest common divisor of x and r.
28
Let v(w) = 8*w + 12. Let o be v(-4). Let d be (9 - 12)/(6/o). Calculate the highest common factor of d and 70.
10
Let u(n) = n**3 - 3*n**2 + 4*n - 4. Let v be u(3). Let f = 4342 - 4270. Calculate the highest common divisor of v and f.
8
Let n be 12/9 - 4/(-6). Suppose n*x = 247 + 277. Suppose 2*z - 5*z - 5*k = -x, -5*z - 4*k + 428 = 0. What is the greatest common factor of 12 and z?
12
Suppose -63 = -3*r - 5*i, -r - i + 15 = -4. Let b be (222/(-12) + -4)/((-3)/r). Let x = 50 - 20. Calculate the highest common factor of x and b.
30
Let x(j) = 3*j - 1. Let d be x(-1). Let v(k) = -4*k + 29. Let t be v(d). Calculate the greatest common factor of t and 18.
9
Suppose 5*r - 53*g = -56*g + 165, 0 = 5*r + 2*g - 160. What is the greatest common divisor of 2400 and r?
30
Let h(v) = -v**3 + 18*v**2 + v - 12. Let f be h(18). Let b be (2 + f/(-2))*-3*11. Calculate the highest common factor of 3 and b.
3
Suppose 5*f + 3*d = 71 + 73, 4*d - 39 = -f. What is the highest common divisor of 9 and f?
9
Suppose -23*d + 56 = -16*d. Let i = 7 + -5. Let k be (i - 22)*(-4)/d. Calculate the greatest common divisor of 25 and k.
5
Let l be (-1*(-150)/(-4))/((-1)/(-2)). Let q = -72 - l. What is the highest common divisor of q and 48?
3
Let x = 1663 + -1639. What is the greatest common factor of 1608 and x?
24
Suppose -846 = -55*w + 37*w. Calculate the greatest common divisor of 1 and w.
1
Let q = -25 - -42. Let w(i) = -5*i**3 - i**2 + 5*i + 25. Let y be w(-3). Calculate the greatest common divisor of q and y.
17
Let p(d) = -2*d**3 - 57*d**2 - 35*d - 10. Let j be p(-28). Calculate the greatest common divisor of 2 and j.
2
Let l(n) = n**3 - 2*n**2 + 3*n - 2. Let x be l(5). Let q = -121 + 175. Let s = -43 + q. Calculate the highest common divisor of x and s.
11
Let x(y) = 223*y**3 - 11*y**2 + 22*y - 2. Let w be x(2). What is the greatest common factor of w and 9?
9
Suppose -41*j + 1680 = -27*j. Calculate the greatest common factor of 90 and j.
30
Let g be (-10 + 2)/((-1)/24). What is the highest common factor of g and 12?
12
Let t(a) = a**2 + a - 7. Let o be t(-9). Suppose -o = 8*f - 545. What is the greatest common divisor of 15 and f?
15
Suppose -5*f = 8 + 7. Let j = 5 - f. Let g = -5 + j. Calculate the highest common factor of g and 24.
3
Suppose 7*d - 3*d + 8 = 0. Let z be (2/2)/((-1)/d). Suppose -4*l - r + 141 = -0*l, z*l - 75 = -5*r. Calculate the greatest common factor of l and 35.
35
Let n be 5*7*56/40. What is the greatest common divisor of n and 98?
49
Let i(o) = -o**3 + 13*o**2 - 15*o - 35. Let h be i(11). What is the greatest common factor of 406 and h?
14
Let q be 2/7 + (-45)/35. Let t = q - -4. Suppose 0 = t*w - 5*z - 14, -5*w - 2 + 77 = 2*z. Calculate the highest common divisor of w and 143.
13
Let l be ((-10)/(-8))/((-3)/(-12)). Suppose 4*v = 3*g + v - 105, 0 = g + 5*v - l. Suppose 7*f - 10*f + g = 0. What is the highest common divisor of f and 5?
5
Let h(c) = 14*c. Let z be h(2). Let j be z/(-35)*1/2*-275. Suppose b + 4*l - 18 = -2*b, -b - 2*l + 4 = 0. Calculate the greatest common divisor of b and j.
10
Let d(a) = -2*a**3 + 4*a**2 - 5*a + 4. Let q be d(2). Let b = q + 17. Suppose 3*u = v + 1, 4*v + 3*u - 56 = -0*v. What is the greatest common factor of v and b?
11
Let z = -4288 + 4583. Suppose m - 118 = 2*f, 3*m - 354 = -7*f + 3*f. Calculate the highest common divisor of z and m.
59
Let h be -6 + 3 + 309 - -2. Let u = -32 - -66. Let y = u - 6. What is the highest common divisor of y and h?
28
Suppose i - 1040 = -15*i. What is the highest common divisor of 5 and i?
5
Let z(k) = -6*k + 2. Let w be z(-2). Let u be (1/((-3)/(-1185)) - 2) + 1. Let p = u + -240. What is the highest common factor of w and p?
14
Let m = 58 + 6. Suppose -8*h + m = -16. Suppose -44 + 4 = -4*j. What is the greatest common divisor of h and j?
10
Let a be (-4)/6*(-72)/4. Suppose 2*p = -5*d + 17, -3*p = 4*d - a + 4. Let g be ((-8)/(-2))/p - -14. What is the highest common factor of g and 65?
13
Suppose -27 = -2*i + 9. What is the greatest common factor of i and 12?
6
Suppose 0*k = -3*k + 6. Suppose -30 = -2*j + 4*j. Let w = 23 + j. What is the greatest common factor of w and k?
2
Let p = -44 - -71. Let a(j) = -j**2 + 7*j - 1. Let r be a(6). Suppose -r*o + 23 = -p. What is the greatest common factor of o and 20?
10
Suppose 2*k - 19 = 9. Suppose 2*t - 345 = -3*t. Suppose -p + t = k. Calculate the highest common factor of 11 and p.
11
Let a(n) = -3*n - 10. Let h be a(-10). Let g = -48 - -173. Suppose 2*p + 5*t - g = 0, p + 0*t - 3*t - 35 = 0. What is the highest common divisor of h and p?
10
Let v be ((-8)/(-28))/(9/189). Calculate the highest common factor of v and 30.
6
Suppose 2*c - 5*z = -8, -6*z - 8 = -4*c - 2*z. Calculate the highest common divisor of c and 264.
6
Let f(p) = -2*p**3 + 40*p**2 + 6*p + 41. Let q be f(20). Suppose -5*s - 110 = -5*a, 5*a = 3*s + 104 + 8. Calculate the highest common factor of a and q.
23
Let w be (4 + -6 + 14)*(-34)/(-1). What is the highest common factor of w and 17?
17
Let j be (-24)/(7/(28/6)). Let a be ((-60)/(-40))/((-6)/j). Calculate the greatest common divisor of 8 and a.
4
Suppose 2*b = 5*b. Suppose -8*w + 76 + 84 = b. Suppose 4*r - 2*z = 884, -2*z = 3*r - 4*r + 224. What is the highest common divisor of r and w?
20
Let o = 8 - -20. Let y = o + -18. Calculate the greatest common divisor of y and 20.
10
Let p(h) be the second derivative of 11*h**3/6 + 2*h. Let v be p(4). Suppose -7*l = -82 + 5. Calculate the highest common factor of l and v.
11
Let p be (-84)/9*5*12/(-8). Suppose -9*q + 11 = -p. What is the highest common factor of 63 and q?
9
Let f(b) = -b**2 + 8*b + 24. Let q = 117 - 109. Let a be f(q). What is the highest common factor of 120 and a?
24
Let s be ((-114)/9)/((-5)/75*1). What is the highest common divisor of s and 10?
10
Let y(o) = -o**3 - 5*o**2 + 4*o - 20. Let n be y(-7). What is the highest common divisor of n and 50?
50
Let t be (-10)/3*-3 + (-26 - -23). Let f(j) = 10*j - 9. Let a be f(9). Suppose -q + n = -51, -q + a = n + 4*n. What is the highest common factor of t and q?
7
Let p(q) = -q**3 + 11*q**2 + 5*q - 25. Let u be p(11). Let l be (17 + 13)*(-1)/((-2)/7). Calculate the greatest common factor of u and l.
15
Suppose -218*u + 576 = -206*u. Calculate the highest common factor of 36 and u.
12
Suppose -14*b + 210 = -0*b. Let r be (-2 + 52)*6/4. What is the highest common divisor of b and r?
15
Let u be (-2)/10 + (-33)/(-15). Calculate the greatest common factor of 98 and u.
2
Suppose -503*l - 250 = -508*l. What is the greatest common factor of l and 925?
25
Let q(c) = -c**3 - c**2 + 64. Let d be q(0). What is the highest common divisor of 48 and d?
16
Suppose -13*v + 84 = -33. Suppose 0*t - 170 = -2*t. Suppose -4*j + 4*b - 47 = -151, 3*j + 4*b = t. Calculate the highest common divisor of v and j.
9
Suppose 7*b + 4 = 9*b. Calculate the greatest common divisor of b and 84.
2
Suppose 0 = p - 5 - 5. Let m = -7 + p. Suppose 3*z + 23 + 0 = 2*v, 18 = m*v + z. Calculate the greatest common divisor of v and 7.
7
Let w be -4*(-2 + 1) + -2. Suppose h - z - 71 = 0, 2*h + z = -w*z + 162. Suppose -7*p = -11*p + 100. What is the highest common divisor of h and p?
25
Suppose -132 = 13*z - 24*z. What is the highest common divisor of 30 and z?
6
Suppose 3*l + m + 3*m = 13, 3*l = -2*m + 11. Suppose 0 = -l*a + 20 - 5. Suppose 0 